 ((-4)/6)/((-24)/(-54))*-4. Let v be s(c). Let g = -71 + v. Calculate the remainder when 8 is divided by g.
0
Suppose p + 3*q - 282 = 0, -3*q - 5 + 8 = 0. Calculate the remainder when 511 is divided by p.
232
Let k(q) = -27*q - 33. Let c be 4 + (-90)/12*2. Calculate the remainder when k(c) is divided by 19.
17
What is the remainder when 180 is divided by (7/(42/(-18)))/((-15)/370)?
32
Let k(p) = -46*p + 1347. Let a be k(33). Suppose 117 = 4*t + 489. Let b = t - a. Calculate the remainder when b is divided by 40.
38
Let v(d) = -d**2 - 7*d + 2. Let r be v(-6). Let z(s) = 3*s**2 + 19*s + 31. Calculate the remainder when z(r) is divided by 13.
11
Suppose 2*j - 6 = 4*o, o + 24 = 3*j - 0*o. Suppose -1192 + 252 = -5*m. Let y = m - 126. What is the remainder when y is divided by j?
8
Let s(a) = -a**3 + 10*a**2 - 5*a - 112. Let r be s(5). Let y be -4 + (-1 - -1) + 1. Calculate the remainder when 42 is divided by y/((-9)/r) + 15.
9
Let a = 42 - 32. Let j be (34/a - -2) + 2/(-5). Suppose -j*o - 4*l = -129, -7 = -o - 5*l + 23. Calculate the remainder when o is divided by 7.
4
Suppose 511 + 553 = 42*j + 266. Calculate the remainder when 6*(-7)/((-21)/102) is divided by j.
14
Suppose -20*a - 1225 = 1335. Let n = a - -175. Let c(v) = 2*v**3 - 5*v**2 + 2*v + 1. Calculate the remainder when n is divided by c(3).
15
Let n be 30/(-10) - (-3)/1. Let i be (-16)/(-4 + n) - -2. Suppose -3*k + 5*z + 13 = 0, k = z + 1 + i. Calculate the remainder when 15 is divided by k.
4
Let o(h) = 68*h**2 + 127*h + 250. Calculate the remainder when o(-2) is divided by 40.
28
Let h = 7419 + -7348. Calculate the remainder when h is divided by 52.
19
Suppose -3*w + 2080 - 640 = 0. Let s = w - 461. Suppose -j = -4 - 29. Calculate the remainder when j is divided by s.
14
Suppose -o = 0, -3*w + 3*o + 7 + 5 = 0. Suppose w = -2*f + 16. Let k(y) = y**3 - 2*y**2 - 10*y + 9. What is the remainder when k(f) is divided by 48?
45
Let t(x) = -x**3 + 37*x**2 - 32*x + 206. What is the remainder when t(36) is divided by 20?
10
What is the remainder when (41575/75)/((5/25)/((-6)/(-10))) is divided by 26?
25
Let o = -860 - -305. Let n(g) = g**2 - 6*g + 3. What is the remainder when (o/(-20))/((-3)/(-8)) is divided by n(8)?
17
Suppose -4*i - 29544 = -5*q, 0 = -2*q - 2*i + 10342 + 1454. What is the remainder when q is divided by 179?
176
Let i be (-27 + 28)/(1/2). Let t = -3 - -11. What is the remainder when (18/(-54))/(i/(-222)) is divided by t?
5
Let w = 1107 - 1169. Suppose 0 = -0*y + 2*y - 206. Let g = w + y. What is the remainder when g is divided by 22?
19
Suppose 11*r = 373 + 166. Let f(a) = 2*a**3 - 6*a**2 + 4*a - 2. Let z(l) = -l + 1. Let m be z(-2). What is the remainder when r is divided by f(m)?
9
Let n = -4201 + 4220. Suppose 0 = 5*f - 3*f - 4. What is the remainder when n is divided by f?
1
Suppose -2*r + 2 + 8 = 0. Let p be (12 - 14) + -1 + r. Suppose 0 = u - 2*g + 6*g - 46, 2*g = -p*u + 98. Calculate the remainder when u is divided by 13.
11
Suppose 34*f - 766 - 326 = -8*f. Calculate the remainder when 831 is divided by f.
25
Let x = -142 + 154. Suppose 9*b + 138 = x. Let u = b + 17. What is the remainder when 9 is divided by u?
0
Let m be 0 - 132*(-2)/3. Suppose -40*c + m = -36*c. Calculate the remainder when c is divided by 6.
4
Suppose -2146 = -5*c + 2*i, -796 = -4*c + 3*i + 925. Let k = -161 + c. Calculate the remainder when k is divided by 16.
11
Let m be (-1280)/(-12)*12/10. Let x = -125 + m. Calculate the remainder when 9 is divided by x.
0
Suppose -102 = -2*y + 3*z - 39, 111 = 4*y - 3*z. Suppose 219 + 93 = y*r. What is the remainder when 22 is divided by r?
9
Suppose -7*c = -58 - 19. Suppose -j + 15 = c. Let y(a) = a**2 + 4*a - 6. What is the remainder when y(j) is divided by 3?
2
Let a(i) = 21*i + 2 - 4*i + i**2 + 11 + 14. Let p be a(-15). Calculate the remainder when 36 is divided by 1*(-4 - p) + 22.
15
Let a(p) = 2*p**2 - 7*p - 7. Let l be a(-3). Calculate the remainder when 2 + 2684/l + 7/56 is divided by 26.
8
Let p(k) = 142*k**2 + 57*k - 182. Calculate the remainder when p(5) is divided by 7.
6
Suppose -301*v - 855 = -316*v. Let m be (-4)/(-6) - (-1309)/21. Suppose 5*j = -5*x + 90, -3*j + 4*j = -4*x + m. Calculate the remainder when v is divided by x.
12
Suppose -7*b = -10*b + 12. What is the remainder when (17 + -135)*(-2)/b is divided by 10?
9
Suppose -2*x + b + 300 = 0, -x - 306 = -3*x + 4*b. Let y = x - 129. What is the remainder when y is divided by 19?
1
Suppose 10*n - 3 = 7*n, -a - 2*n = 147. Let y = a + 221. What is the remainder when y is divided by ((-5)/(-2))/(2/12)?
12
Suppose 0 = -5*b - 3*u + 106, 3*u + 6 = b - 8. Let w(c) = 3*c + 18. Let n be w(-6). Suppose -5*g - 14 + 59 = n. What is the remainder when b is divided by g?
2
Suppose 0 = -86*q + 76*q - 4820. Let w = q + 577. Calculate the remainder when w is divided by 54.
41
Let c be 4/6*-5*(-15)/10. Let d(a) = -8*a**2 + 4*a**3 - 3*a**3 + c - 10*a**3 + 9*a + 10*a**3. What is the remainder when d(7) is divided by 5?
4
Suppose -4*n = -5*z - 1670 - 1908, -5*n = -2*z - 4464. Suppose 15*g - 18*g = -6. Suppose -g*a - 2*a + n = 0. What is the remainder when a is divided by 9?
7
Let k be ((-30)/10)/(1/(-1)) + -39. Let a = k - -81. Suppose -44*i = -a*i + 8. Calculate the remainder when 31 is divided by i.
7
Let z(l) = 2543*l**2 - 12*l - 11. Let p be z(-1). What is the remainder when 113 is divided by p/44 + (2/11 - 0)?
55
Suppose -4*m - 44 + 60 = 0. Suppose m*b = k - 113, 0*b - 5*k + 43 = -2*b. Let v = 21 - b. What is the remainder when v is divided by 18?
14
Let q(s) be the first derivative of 2*s**3/3 + 13*s**2 - 59. Calculate the remainder when q(-14) is divided by 14.
0
Let a = 55 + -51. Let m be a/(4/3) - 11*-2. Suppose 4*q - 7 - m = 0. Calculate the remainder when 10 is divided by q.
2
Let d = 86 + 7. Let s = -82 + d. Let h(u) = 2*u + 7. What is the remainder when h(s) is divided by 12?
5
Let s = 7865 - 7856. Suppose 5*a - 43 = -18. Suppose a*n + 48 = 6*n. Calculate the remainder when n is divided by s.
3
Suppose -10*h + 1931 + 23587 = 4*t, -2553 = -h - t. What is the remainder when h is divided by 71?
66
Let v(d) = 6*d**2 - 22*d - 59. Let l be v(-11). Suppose -5*i + 15*q + l = 11*q, -q = 4*i - 723. What is the remainder when i is divided by 13?
12
Let j be 20/20 + (6 - 2). Calculate the remainder when 0 - (-60 - (-6 + j)) is divided by 22.
15
Suppose -3*y + t + 460 = 0, -6*t + 4*t + 4 = 0. Let x = -41 + y. Calculate the remainder when x is divided by 31.
20
Suppose 5*v - 5 = 0, 0 = -9*g - 5*v - 50 + 145. Suppose -321 = -2*d - 105. Calculate the remainder when (24/9)/(6/d) is divided by g.
8
Let m(j) = j + 15. Let r be m(-10). Suppose i + 4*n - 4 = 9, -2*i - r*n + 41 = 0. What is the remainder when 69 is divided by i?
3
Let r be (0 + 7)/(12/(2 + 10)). Suppose -16*g + 63 = -r*g. Calculate the remainder when 9 is divided by g.
2
Let o(b) = -125*b**3 + b**2 - 2*b - 2. Let a be o(-1). Let q = a - 70. Suppose 0 = r + r - q. What is the remainder when 49 is divided by r?
21
Let c = 19202 - 16525. Calculate the remainder when c is divided by 99.
4
Let l(q) = 4*q**3 + 432*q + 6*q**2 - 416*q - 5*q**3 - 5. Calculate the remainder when 165 is divided by l(-3).
25
Suppose 12*b = 4*b + 4*f + 4216, 5*b - 2*f - 2631 = 0. Calculate the remainder when b is divided by 23.
17
Let z = -11 - -20. Let q(t) = 2*t - 2. Calculate the remainder when -10 - 2*(-5 + -31) is divided by q(z).
14
Suppose 0 = -3*m - 2*j + 1944, -5*m + 4*j = -3114 - 126. Calculate the remainder when m is divided by 47.
37
Suppose 24 = 4*v - 8. Let k(b) = 25 - v*b - 11 - b**2 - 4*b. Calculate the remainder when 1 is divided by k(-13).
0
Let g(f) = -17*f + 18. Let a be g(-9). Suppose -4*t - a = -5*u, -3*u = -t - 13 - 91. Let c(d) = 9*d**2. What is the remainder when u is divided by c(1)?
8
Let d = -20470 + 20775. Calculate the remainder when 618 is divided by d.
8
Let u(a) = a**3 - 133*a**2 - 222*a - 69. Calculate the remainder when u(135) is divided by 28.
27
Suppose -2752 = -4*i - 2456. What is the remainder when i is divided by ((-80)/6)/((-1)/3)?
34
Suppose 5*v + 5*x = v + 559, -3*v = 3*x - 417. Suppose 5*z - v = z. Let p = z + -7. What is the remainder when 78 is divided by p?
24
Let n = -1159 - -1247. What is the remainder when 2372 is divided by n?
84
Su